83, 109
What are the prime factors of 2058?
2, 3, 7
What are the prime factors of 15784?
2, 1973
List the prime factors of 2880.
2, 3, 5
What are the prime factors of 1701?
3, 7
What are the prime factors of 124?
2, 31
List the prime factors of 42575.
5, 13, 131
List the prime factors of 72821.
7, 101, 103
What are the prime factors of 118?
2, 59
What are the prime factors of 1313?
13, 101
What are the prime factors of 2802?
2, 3, 467
List the prime factors of 1191.
3, 397
What are the prime factors of 2489?
19, 131
List the prime factors of 2000.
2, 5
What are the prime factors of 7467?
3, 19, 131
List the prime factors of 1088.
2, 17
What are the prime factors of 168940?
2, 5, 8447
What are the prime factors of 11346?
2, 3, 31, 61
List the prime factors of 102731.
17, 6043
List the prime factors of 1415.
5, 283
List the prime factors of 40935.
3, 5, 2729
List the prime factors of 269.
269
What are the prime factors of 4145?
5, 829
List the prime factors of 48256.
2, 13, 29
What are the prime factors of 1087?
1087
List the prime factors of 52678.
2, 26339
List the prime factors of 99150.
2, 3, 5, 661
List the prime factors of 438.
2, 3, 73
List the prime factors of 9049.
9049
List the prime factors of 3712.
2, 29
List the prime factors of 84133.
7, 17, 101
List the prime factors of 9345.
3, 5, 7, 89
What are the prime factors of 64007?
64007
List the prime factors of 92575.
5, 7, 23
What are the prime factors of 12794?
2, 6397
List the prime factors of 579.
3, 193
List the prime factors of 187.
11, 17
What are the prime factors of 87932?
2, 13, 19, 89
What are the prime factors of 16530?
2, 3, 5, 19, 29
What are the prime factors of 71?
71
List the prime factors of 24236.
2, 73, 83
What are the prime factors of 20083?
7, 19, 151
List the prime factors of 13008.
2, 3, 271
What are the prime factors of 13101?
3, 11, 397
What are the prime factors of 5170?
2, 5, 11, 47
What are the prime factors of 1830?
2, 3, 5, 61
List the prime factors of 5901.
3, 7, 281
List the prime factors of 11689.
11689
List the prime factors of 11537.
83, 139
What are the prime factors of 75687?
3, 25229
What are the prime factors of 634?
2, 317
List the prime factors of 40136.
2, 29, 173
List the prime factors of 39057.
3, 47, 277
List the prime factors of 12273.
3, 4091
What are the prime factors of 24594?
2, 3, 4099
What are the prime factors of 3188?
2, 797
What are the prime factors of 1845?
3, 5, 41
What are the prime factors of 1957?
19, 103
What are the prime factors of 3231?
3, 359
What are the prime factors of 56940?
2, 3, 5, 13, 73
List the prime factors of 4285.
5, 857
List the prime factors of 5421.
3, 13, 139
List the prime factors of 30.
2, 3, 5
List the prime factors of 954.
2, 3, 53
What are the prime factors of 3042?
2, 3, 13
List the prime factors of 40378.
2, 13, 1553
What are the prime factors of 1983?
3, 661
What are the prime factors of 1092?
2, 3, 7, 13
List the prime factors of 1907.
1907
List the prime factors of 54369.
3, 7, 863
What are the prime factors of 22914?
2, 3, 19, 67
List the prime factors of 47.
47
What are the prime factors of 2140?
2, 5, 107
What are the prime factors of 178?
2, 89
List the prime factors of 3904.
2, 61
What are the prime factors of 64?
2
What are the prime factors of 108495?
3, 5, 2411
List the prime factors of 2945.
5, 19, 31
List the prime factors of 3022.
2, 1511
List the prime factors of 65371.
65371
What are the prime factors of 158658?
2, 3, 31, 853
List the prime factors of 1125.
3, 5
List the prime factors of 523.
523
What are the prime factors of 13610?
2, 5, 1361
What are the prime factors of 45421?
53, 857
List the prime factors of 5844.
2, 3, 487
What are the prime factors of 1108?
2, 277
What are the prime factors of 2013?
3, 11, 61
List the prime factors of 64646.
2, 32323
What are the prime factors of 718?
2, 359
What are the prime factors of 421?
421
What are the prime factors of 847?
7, 11
What are the prime factors of 1816?
2, 227
What are the prime factors of 1557?
3, 173
List the prime factors of 3858.
2, 3, 643
What are the prime factors of 1316?
2, 7, 47
What are the prime factors of 2004?
2, 3, 167
List the prime factors of 26365.
5, 5273
What are the prime factors of 8753?
8753
List the prime factors of 17630.
2, 5, 41, 43
What are the prime factors of 54191?
47, 1153
What are the prime factors of 13865?
5, 47, 59
List the prime factors of 111.
3, 37
What are the prime factors of 635?
5, 127
List the prime factors of 9574.
2, 4787
List the prime factors of 11033.
11, 17, 59
What are the prime factors of 14180?
2, 5, 709
List the prime factors of 13427.
29, 463
List the prime factors of 852.
2, 3, 71
What are the prime factors of 24976?
2, 7, 223
List the prime factors of 76395.
3, 5, 11, 463
List the prime factors of 3265.
5, 653
List the prime factors of 1477.
7, 211
What are the prime factors of 26019?
3, 7, 59
What are the prime factors of 8844?
2, 3, 11, 67
List the prime factors of 111637.
111637
What are the prime factors of 52472?
2, 7, 937
What are the prime factors of 100?
2, 5
List the prime factors of 28602.
2, 3, 7, 227
What are the prime factors of 2025?
3, 5
List the prime factors of 147278.
2, 211, 349
List the prime factors of 1779.
3, 593
List the prime factors of 118899.
3, 11, 1201
What are the prime factors of 574?
2, 7, 41
List the prime factors of 34932.
2, 3, 41, 71
List the prime factors of 11016.
2, 3, 17
List the prime factors of 48764.
2, 73, 167
List the prime factors of 5320.
2, 5, 7, 19
What are the prime factors of 26224?
2, 11, 149
What are the prime factors of 5006?
2, 2503
List the prime factors of 4168.
2, 521
List the prime factors of 238.
2, 7, 17
List the prime factors of 1723.
1723
What are the prime factors of 2565?
3, 5, 19
What are the prime factors of 20664?
2, 3, 7, 41
What are the prime factors of 14913?
3, 1657
What are the prime factors of 2713?
2713
List the prime factors of 6880.
2, 5, 43
List the prime factors of 121.
11
List the prime factors of 64889.
11, 17, 347
List the prime factors of 9695.
5, 7, 277
List the prime factors of 39242.
2, 7, 2803
What are the prime factors of 285?
3, 5, 19
List the prime factors of 481.
13, 37
List the prime factors of 2384.
2, 149
List the prime factors of 10794.
2, 3, 7, 257
List the prime factors of 7360.
2, 5, 23
What are the prime factors of 2487?
3, 829
What are the prime factors of 8641?
8641
List the prime factors of 10489.
17, 617
List the prime factors of 14348.
2, 17, 211
What are the prime factors of 2082?
2, 3, 347
What are the prime factors of 9356?
2, 2339
What are the prime factors of 16132?
2, 37, 109
List the prime factors of 7948.
2, 1987
List the prime factors of 85.
5, 17
What are the prime factors of 21131?
11, 17, 113
List the prime factors of 37241.
167, 223
What are the prime factors of 374?
2, 11, 17
List the prime factors of 10569.
3, 13, 271
List the prime factors of 2931.
3, 977
List the prime factors of 119833.
7, 17, 19, 53
What are the prime factors of 35612?
2, 29, 307
List the prime factors of 11383.
11383
What are the prime factors of 31489?
31489
What are the prime factors of 19300?
2, 5, 193
List the prime factors of 14496.
2, 3, 151
List the prime factors of 94.
2, 47
What are the prime factors of 21410?
2, 5, 2141
List the prime factors of 30774.
2, 3, 23, 223
List the prime factors of 73640.
2, 5, 7, 263
What are the prime factors of 2759?
31, 89
List the prime factors of 150791.
150791
List the prime factors of 4641.
3, 7, 13, 17
What are the prime factors of 3002?
2, 19, 79
What are the prime factors of 4411?
11, 401
List the prime factors of 3861.
3, 11, 13
List the prime factors of 3716.
2, 929
What are the prime factors of 76708?
2, 127, 151
What are the prime factors of 51732?
2, 3, 479
What are the prime factors of 177?
3, 59
List the prime factors of 4455.
3, 5, 11
List the prime factors of 13367.
13367
List the prime factors of 149075.
5, 67, 89
List the prime factors of 809.
809
List the prime factors of 2966.
2, 1483
What are the prime factors of 160718?
2, 17, 29, 163
What are the prime factors of 44556?
2, 3, 47, 79
List the prime factors of 14330.
2, 5, 1433
List the prime factors of 7633.
17, 449
List the prime factors of 13484.
2, 3371
List th